{"id":4745,"date":"2025-06-06T12:48:16","date_gmt":"2025-06-06T12:48:16","guid":{"rendered":"https:\/\/xpartansys.com\/xtienda-base\/?post_type=product&#038;p=4745"},"modified":"2025-07-02T14:38:23","modified_gmt":"2025-07-02T14:38:23","slug":"camisa-last-maniac-resort-ss","status":"publish","type":"product","link":"https:\/\/xpartansys.com\/xtienda-base\/producto\/camisa-last-maniac-resort-ss\/","title":{"rendered":"Camisa Last Maniac Resort SS"},"content":{"rendered":"<h4>COBERTURA FLEXIBLE CON AMPLIO ALMACENAMIENTO<\/h4>\n<p>La Sudadera Nike Dri-FIT Sport Clash te protege en todo momento con tejido transpirable que elimina el sudor para mayor comodidad durante la actividad f\u00edsica.<\/p>\n<h5 class=\"ds-markdown-paragraph\">Tecnolog\u00eda Anti-humedad<\/h5>\n<p class=\"ds-markdown-paragraph\">La tecnolog\u00eda Nike Dri-FIT aleja el sudor de tu cuerpo para una evaporaci\u00f3n m\u00e1s r\u00e1pida, manteni\u00e9ndote seco y c\u00f3modo.<\/p>\n<h5 class=\"ds-markdown-paragraph\">Cobertura Flexible<\/h5>\n<p class=\"ds-markdown-paragraph\">Dise\u00f1ada con materiales ligeros que ofrecen movilidad natural. La capucha ajustable con cord\u00f3n garantiza un ajuste seguro.<\/p>\n<h5 class=\"ds-markdown-paragraph\">Detalles con Actitud<\/h5>\n<p class=\"ds-markdown-paragraph\">Parte de la colecci\u00f3n Nike Sport Clash \u2014que fusiona rendimiento con energ\u00eda moderna\u2014, este dise\u00f1o incluye un estampado de pinceladas que simboliza la fluidez y creatividad del entrenamiento deportivo.<\/p>\n<h5 class=\"ds-markdown-paragraph\">Detalles del Producto<\/h5>\n<ul>\n<li>\n<p class=\"ds-markdown-paragraph\">Composici\u00f3n: 100% algod\u00f3n<\/p>\n<\/li>\n<li>\n<p class=\"ds-markdown-paragraph\">Fabricado en: Vietnam<\/p>\n<\/li>\n<li>\n<p class=\"ds-markdown-paragraph\">Cuidado: Lavable a m\u00e1quina<\/p>\n<\/li>\n<li>\n<p class=\"ds-markdown-paragraph\">Cierre: Botones delanteros<\/p>\n<\/li>\n<li>\n<p class=\"ds-markdown-paragraph\">Detalle de marca: Logo bordado en el pecho<\/p>\n<\/li>\n<li>\n<p class=\"ds-markdown-paragraph\">Pu\u00f1os: Abotonados tipo barril<\/p>\n<\/li>\n<li>\n<p class=\"ds-markdown-paragraph\">Bajo: Corte tipo camisa<\/p>\n<\/li>\n<li>\n<p class=\"ds-markdown-paragraph\">Nuestro c\u00f3digo de estilo: PLAU-MS40<\/p>\n<\/li>\n<li>\n<p class=\"ds-markdown-paragraph\">C\u00f3digo del fabricante: 710811288007<\/p>\n<\/li>\n<\/ul>\n<hr \/>\n","protected":false},"excerpt":{"rendered":"<p style=\"padding-left: 40px;\">La Camisa Nike Dri-FIT Sport Clash te brinda cobertura antes, durante y despu\u00e9s de entrenamientos o competencias, con un tejido ultraligero que absorbe el sudor, manteni\u00e9ndote seco y con libertad de movimiento.<\/p>\n","protected":false},"featured_media":4748,"comment_status":"open","ping_status":"closed","template":"","meta":[],"product_brand":[],"product_cat":[44,35,37],"product_tag":[38],"class_list":{"0":"post-4745","1":"product","2":"type-product","3":"status-publish","4":"has-post-thumbnail","6":"product_cat-camisas","7":"product_cat-coleccion","8":"product_cat-hombres","9":"product_tag-ropa","11":"first","12":"instock","13":"sale","14":"featured","15":"shipping-taxable","16":"purchasable","17":"product-type-variable"},"_links":{"self":[{"href":"https:\/\/xpartansys.com\/xtienda-base\/wp-json\/wp\/v2\/product\/4745","targetHints":{"allow":["GET"]}}],"collection":[{"href":"https:\/\/xpartansys.com\/xtienda-base\/wp-json\/wp\/v2\/product"}],"about":[{"href":"https:\/\/xpartansys.com\/xtienda-base\/wp-json\/wp\/v2\/types\/product"}],"replies":[{"embeddable":true,"href":"https:\/\/xpartansys.com\/xtienda-base\/wp-json\/wp\/v2\/comments?post=4745"}],"wp:featuredmedia":[{"embeddable":true,"href":"https:\/\/xpartansys.com\/xtienda-base\/wp-json\/wp\/v2\/media\/4748"}],"wp:attachment":[{"href":"https:\/\/xpartansys.com\/xtienda-base\/wp-json\/wp\/v2\/media?parent=4745"}],"wp:term":[{"taxonomy":"product_brand","embeddable":true,"href":"https:\/\/xpartansys.com\/xtienda-base\/wp-json\/wp\/v2\/product_brand?post=4745"},{"taxonomy":"product_cat","embeddable":true,"href":"https:\/\/xpartansys.com\/xtienda-base\/wp-json\/wp\/v2\/product_cat?post=4745"},{"taxonomy":"product_tag","embeddable":true,"href":"https:\/\/xpartansys.com\/xtienda-base\/wp-json\/wp\/v2\/product_tag?post=4745"}],"curies":[{"name":"wp","href":"https:\/\/api.w.org\/{rel}","templated":true}]}}